{"id":653,"date":"2018-09-06T11:07:24","date_gmt":"2018-09-06T11:07:24","guid":{"rendered":"http:\/\/bios.fi\/wp-content\/uploads\/2018\/09\/bjorkskaer2.jpg"},"modified":"2019-03-19T11:16:19","modified_gmt":"2019-03-19T11:16:19","slug":"bjorkskaer2-2","status":"inherit","type":"attachment","link":"https:\/\/bios.fi\/en\/bjorkskaer2-2\/","title":{"rendered":"&rarr;"},"author":4,"featured_media":0,"comment_status":"closed","ping_status":"closed","template":"","meta":[],"class_list":["post-653","attachment","type-attachment","status-inherit","hentry"],"description":{"rendered":"<p class=\"attachment\"><a href='https:\/\/bios.fi\/wp-content\/uploads\/2018\/09\/bjorkskaer2.jpg'><img loading=\"lazy\" decoding=\"async\" width=\"700\" height=\"375\" data-src=\"https:\/\/bios.fi\/wp-content\/uploads\/2018\/09\/bjorkskaer2.jpg\" class=\"attachment-medium size-medium\" alt=\"\" data-srcset=\"https:\/\/bios.fi\/wp-content\/uploads\/2018\/09\/bjorkskaer2.jpg 700w, https:\/\/bios.fi\/wp-content\/uploads\/2018\/09\/bjorkskaer2-400x214.jpg 400w\" sizes=\"(max-width: 700px) 100vw, 700px\" \/><\/a><\/p>\n"},"caption":{"rendered":"<p>J\u00e4lkifossiilinen tilanne Bj\u00f6rksk\u00e4rill\u00e4 kes\u00e4ll\u00e4 2018. Kuva Tere Vad\u00e9n.<\/p>\n"},"alt_text":"","media_type":"image","mime_type":"image\/jpeg","media_details":{"width":700,"height":375,"file":"2018\/09\/bjorkskaer2.jpg","sizes":{"thumbnail":{"file":"bjorkskaer2-400x214.jpg","width":400,"height":214,"mime_type":"image\/jpeg","source_url":"https:\/\/bios.fi\/wp-content\/uploads\/2018\/09\/bjorkskaer2-400x214.jpg"},"full":{"file":"bjorkskaer2.jpg","width":700,"height":375,"mime_type":"image\/jpeg","source_url":"https:\/\/bios.fi\/wp-content\/uploads\/2018\/09\/bjorkskaer2.jpg"}},"image_meta":{"aperture":"0","credit":"","camera":"","caption":"","created_timestamp":"0","copyright":"","focal_length":"0","iso":"0","shutter_speed":"0","title":"","orientation":"0","keywords":[]}},"post":null,"source_url":"https:\/\/bios.fi\/wp-content\/uploads\/2018\/09\/bjorkskaer2.jpg","_links":{"self":[{"href":"https:\/\/bios.fi\/en\/wp-json\/wp\/v2\/media\/653"}],"collection":[{"href":"https:\/\/bios.fi\/en\/wp-json\/wp\/v2\/media"}],"about":[{"href":"https:\/\/bios.fi\/en\/wp-json\/wp\/v2\/types\/attachment"}],"author":[{"embeddable":true,"href":"https:\/\/bios.fi\/en\/wp-json\/wp\/v2\/users\/4"}]}}

<p>Jälkifossiilinen tilanne Björkskärillä kesällä 2018. Kuva Tere Vadén.</p>
